4364?
4
What is the thousands digit of 683095?
3
What is the tens digit of 354201?
0
What is the ten thousands digit of 282926?
8
What is the millions digit of 35211538?
5
What is the units digit of 650215?
5
What is the hundreds digit of 238859?
8
What is the tens digit of 889288?
8
What is the millions digit of 19184886?
9
What is the hundred thousands digit of 8686538?
6
What is the units digit of 6143675?
5
What is the ten thousands digit of 14473324?
7
What is the millions digit of 9368164?
9
What is the ten thousands digit of 199859?
9
What is the units digit of 14957923?
3
What is the hundreds digit of 893284?
2
What is the thousands digit of 175603?
5
What is the hundreds digit of 267967?
9
What is the ten thousands digit of 6494439?
9
What is the hundred thousands digit of 4260774?
2
What is the tens digit of 25067428?
2
What is the ten thousands digit of 623349?
2
What is the ten thousands digit of 984655?
8
What is the thousands digit of 15738416?
8
What is the hundred thousands digit of 923673?
9
What is the hundreds digit of 2480828?
8
What is the hundred thousands digit of 4305918?
3
What is the units digit of 448649?
9
What is the hundreds digit of 78379?
3
What is the tens digit of 54614?
1
What is the hundreds digit of 2605964?
9
What is the units digit of 731695?
5
What is the hundred thousands digit of 8535288?
5
What is the ten thousands digit of 460603?
6
What is the millions digit of 2993307?
2
What is the thousands digit of 404343?
4
What is the hundreds digit of 930471?
4
What is the units digit of 92110?
0
What is the tens digit of 20931385?
8
What is the millions digit of 1016939?
1
What is the thousands digit of 93805?
3
What is the tens digit of 21688907?
0
What is the millions digit of 3271397?
3
What is the ten thousands digit of 13225960?
2
What is the thousands digit of 3385208?
5
What is the ten millions digit of 12178568?
1
What is the ten thousands digit of 3412069?
1
What is the hundreds digit of 256225?
2
What is the hundreds digit of 1469206?
2
What is the units digit of 28643?
3
What is the hundred thousands digit of 831574?
8
What is the hundred thousands digit of 282196?
2
What is the ten millions digit of 18312647?
1
What is the thousands digit of 183319?
3
What is the ten thousands digit of 52669?
5
What is the hundreds digit of 71226?
2
What is the hundreds digit of 193760?
7
What is the tens digit of 857297?
9
What is the hundred thousands digit of 9271232?
2
What is the tens digit of 476506?
0
What is the units digit of 21700764?
4
What is the thousands digit of 603353?
3
What is the tens digit of 40670654?
5
What is the tens digit of 88232?
3
What is the hundred thousands digit of 3102173?
1
What is the millions digit of 2597822?
2
What is the hundreds digit of 154064?
0
What is the ten thousands digit of 160835?
6
What is the hundreds digit of 637559?
5
What is the units digit of 10784336?
6
What is the thousands digit of 214656?
4
What is the thousands digit of 4924278?
4
What is the hundreds digit of 8102209?
2
What is the hundred thousands digit of 218062?
2
What is the thousands digit of 138357?
8
What is the millions digit of 1412888?
1
What is the hundred thousands digit of 6726546?
7
What is the units digit of 4856507?
7
What is the hundred thousands digit of 29862162?
8
What is the thousands digit of 19755136?
5
What is the hundreds digit of 1296502?
5
What is the ten thousands digit of 1887303?
8
What is the thousands digit of 17781442?
1
What is the millions digit of 2830215?
2
What is the tens digit of 2666530?
3
What is the thousands digit of 673096?
3
What is the hundred thousands digit of 9107144?
1
What is the units digit of 2376316?
6
What is the hundred thousands digit of 322748?
3
What is the hundreds digit of 4716771?
7
What is the hundreds digit of 871303?
3
What is the tens digit of 2549827?
2
What is the hundreds digit of 123754?
7
What is the hundreds digit of 4182095?
0
What is the hundred thousands digit of 3018009?
0
What is the ten thousands digit of 492729?
9
What is the hundred thousands digit of 826023?
8
What is the tens digit of 189418?
1
What is the ten thousands digit of 1113422?
1
What is the units digit of 1936301?
1
What is the units digit of 5568820?
0
What is the tens digit of 1271502?
0
What is the tens digit of 12168?
6
What is the ten thousands digit of 1047642?
4
What is the hundreds digit of 104230?
2
What is the hundreds digit of 3781409?
4
What is the units digit of 1122969?
9
What is the hundred thousands digit of 312841?
3
What is the hundred thousands digit of 1801371?
8
What is the thousands digit of 936116?
6
What is the tens digit of 275220?
2
What is the hundred thousands digit of 242430?
2
What is the units digit of 2101332?
2
What is the thousands digit of 99983?
9
What is the units digit of 3492?
2
What is the thousands digit of 317046?
7
What is the millions digit of 1703002?
1
What is the tens digit of 5229069?
6
What is the ten thousands digit of 3765019?
6
What is the tens digit of 208044?
4
What is the hundred thousands digit of 26649934?
6
What is the millions digit of 11263472?
1
What is the hundred thousands digit of 4669884?
6
What is the thousands digit of 170473?
0
What is the units digit of 5978606?
6
What is the tens digit of 23789189?
8
What is the hundred thousands digit of 1908055?
9
What is the ten thousands digit of 10767984?
6
What is the millions digit of 14224163?
4
What is the hundred thousands digit of 12822903?
8
What is the tens digit of 2899173?
7
What is the thousands digit of 18596591?
6
What is the units digit of 7913?
3
What is the millions digit of 1339261?
1
What is the units digit of 514954?
4
What is the thousands digit of 1057535?
7
What is the hundred thousands digit of 463592?
4
What is the ten thousands digit of 11928831?
2
What is the tens digit of 24747938?
3
What is the hundred thousands digit of 6092549?
0
What is the hundred thousands digit of 9868044?
8
What is the thousands digit of 13173955?
3
What is the thousands digit of 26785?
6
What is the hundreds digit of 6423088?
0
What is the hundred thousands digit of 3453812?
4
What is the thousands digit of 378509?
8
What is the hundred thousands digit of 6814100?
8
What is the hundreds digit of 471842?
8
What is the thousands digit of 199824?
9
What is the thousands digit of 230867?
0
What is the ten millions digit of 10499462?
1
What is the ten thousands digit of 923127?
2
What is the hundreds digit of 6687666?
6
What is the thousands digit of 1493974?
3
What is the hundreds digit of 155653?
6
What is the millions digit of 1396496?
1
What is the hundreds digit of 1863775?
7
What is the tens digit of 13269910?
1
What is the thousands digit of 646220?
6
What is the tens digit of 32227?
2
What is the thousands digit of 513492?
3
What is the ten thousands digit of 2099542?
9
What is the ten thousands digit of 194591?
9
What is the hundred thousands digit of 223310?
2
What is the hundred thousands digit of 3289249?
2
What is the ten thousands digit of 219321?
1
What is the thousands digit of 6641704?
1
What is the tens digit of 1911232?
3
What is the tens digit of 15631787?
8
What is the thousands digit of 3068092?
8
What is the ten thousands digit of 6654330?
5
What is the tens digit of 636600?
0
What is the ten millions digit of 11448417?
1
What is the hundreds digit of 486072?
0
What is the tens digit of 6694236?
3
What is the units digit of 1453428?
8
What is the millions digit of 2311019?
2
What is the hundred thousands digit of 2172074?
1
What is the tens digit of 207425?
2
What is the hundreds digit of 839969?
9
What is the thousands digit of 519384?
9
What is the units digit of 1754308?
8
What is the hundred thousands digit of 1626748?
6
What is the ten thousands digit of 1063158?
6
What is the thousands digit of 1349630?
9
What is the ten thousands digit of 122420?
2
What is the ten thousands digit of 1793331?
9
What is the tens digit of 16187240?
4
What is the hundred thousands digit of 216990?
2
What is the hundreds digit of 231842?
8
What is the thousands digit of 1029357?
9
What is the ten thousands digit of 3267057?
6
What is the units digit of 1684838?
8
What is the ten thousands digit of 5963747?
6
What is the thousands digit of 4944